 48. What are the prime factors of m?
2, 3
Suppose 255 = -20*k + 23*k. List the prime factors of k.
5, 17
Suppose 3 = -c - 1. List the prime factors of 0 + (c - (-4 + -13)).
13
Let d = 63 + -21. Suppose 2*b - 4*x - x = d, -6 = -2*b - 4*x. What are the prime factors of b?
11
Let f(s) = -s + 27. Let r(y) = y**3 + 11*y**2 + 11*y + 10. Let d be r(-10). Let i be f(d). Suppose 49 - 1 = 5*b - w, 2*b - 3*w = i. List the prime factors of b.
3
Let r(l) = l - 8. Let d be r(8). Suppose d*n + n = 0. Suppose 5*f - 42 - 18 = t, 4*f + t - 57 = n. What are the prime factors of f?
13
Let o be 1/3*3 - 1. Suppose r + 55 = 4*w, o*r - 60 = -4*w - 4*r. List the prime factors of w.
2, 7
Let b be (2/4)/((-1)/(-14)). Let t(n) = n**3 - 2*n**2 - 2*n + 2. Let r be t(3). Suppose 3*s + r = -5*p, -3*p + b*s = 2*s - 31. What are the prime factors of p?
2
Let q be 0 - -122*(-3)/(-6). Suppose 4*w = 31 + q. What are the prime factors of w?
23
Suppose -y + 5 + 0 = 0, 0 = c + 2*y - 16. Suppose 0 = 5*g - 4*r - 138, 4*g + 8*r = c*r + 100. List the prime factors of g.
2, 13
Let f = 10 + -7. Suppose 2*m - f*d - 38 = 7*m, 5*m + 39 = -4*d. Let q(i) = -3*i - 10. List the prime factors of q(m).
11
Let i = -23 + 39. What are the prime factors of i?
2
Let z = 36 + -2. Suppose -10*n + z = -8*n. What are the prime factors of n?
17
Let v(p) = 2*p - 12. Let h = 6 + 3. What are the prime factors of v(h)?
2, 3
Let z(k) be the second derivative of k**5/20 + 5*k**4/12 - k**3/3 - 2*k**2 - 4*k. What are the prime factors of z(-5)?
2, 3
Suppose -2*o = 4 - 6. List the prime factors of 73/3 + o/(-3).
2, 3
Let s be (10 + -6)/((-1)/(-8)). Let h = -15 + s. Let z = h - 1. List the prime factors of z.
2
Let b = -3 + -3. Let a = b - -10. What are the prime factors of a?
2
Let u(n) = -n**3 - n**2 - n + 3. Let r be u(0). Suppose 5*t = -5*x + 35, -r*x = t + 2*x - 19. List the prime factors of t.
2
Suppose 0 = 2*k - k - 2. Suppose -2*l - n = 3*l - 132, -2*l + k*n + 60 = 0. What are the prime factors of l?
3
Let p be 1/(165/54 - 3). Suppose 3*h = 4*h - p. What are the prime factors of h?
2, 3
Let r(l) = l**2 + 10*l + 16. What are the prime factors of r(-16)?
2, 7
Suppose m = -5*f + 650, 4*f - 182 = 5*m + 367. List the prime factors of f.
131
Let g be 105 + 0/(-3) + 3. Suppose d - g = -3*d. What are the prime factors of d?
3
Suppose 369 = 4*j + 3*p, -5*j + 3*p + 420 = -75. What are the prime factors of j?
2, 3
Suppose 0*l - l + 67 = 0. List the prime factors of l.
67
Let l = -14 + 5. Let x = 20 + l. Suppose 13 = 4*j - x. What are the prime factors of j?
2, 3
Suppose 2*x + 518 = 5*w - 2*x, -504 = -5*w - 3*x. List the prime factors of w.
2, 3, 17
Let a(s) = 92*s**2 - 2*s + 1. Let n be a(1). Let g be 1/(-4) + n/28. Suppose -g + 7 = 2*l. What are the prime factors of l?
2
Let x = -9 + 0. Let a(p) = -p**2 - 13*p. What are the prime factors of a(x)?
2, 3
Suppose -o = -2*h + 4*o + 33, -2*h + 34 = -4*o. What are the prime factors of h?
19
Let r be (-101)/3 + (-2)/6. Let t be (r/6)/((-2)/6). Suppose 5*h - 5*v = -3*v + 42, 2*h - t = v. List the prime factors of h.
2
Let n(o) = -o**3 + 8*o**2 - 6*o + 7. Let q be n(7). Suppose -w = 3*z - q, -z + 0*z = -w - 2. What are the prime factors of 1/z - (-27)/4?
7
Suppose 8 + 28 = 2*a. Suppose -2*m = -0*m - a. What are the prime factors of m?
3
Suppose 3 = 2*m - 3. Suppose -1 = -m*y + 32. What are the prime factors of y?
11
Let k = 191 - 132. Let t = -42 + k. What are the prime factors of t?
17
Let a = -24 - -35. Let v(h) = -h**3 + 12*h**2 - 12*h + 13. What are the prime factors of v(a)?
2
Let u = 20 + -12. Let y be -1*2 + 3*2. Suppose 3*h + y*k - 9 = 3, -2*h - 4*k = -u. What are the prime factors of h?
2
Let y(p) = 8*p**2 + 3*p - 5. List the prime factors of y(-4).
3, 37
Let i be (-2)/(-6) - 25/(-15). Suppose -j + 47 = i*d + 4*j, j - 83 = -5*d. What are the prime factors of d?
2
Let j be 18/(-12)*(-3 - -1). Suppose 0 = j*a + 2*a - 190. List the prime factors of a.
2, 19
Let w(j) = j + 1. Suppose -g = 2*k + g - 4, -5*g = 25. List the prime factors of w(k).
2
Let g = 0 - 0. Suppose b - 3*b = g, -4*r + 5*b = -12. Suppose -q - 16 = -r*q. List the prime factors of q.
2
Suppose i - q = -0*i + 185, q = 1. What are the prime factors of i?
2, 3, 31
Suppose 20*j + 12 = 21*j. What are the prime factors of j?
2, 3
Suppose -456 = -a - a. Suppose a = -3*v + 7*v. List the prime factors of v.
3, 19
Suppose q - 4*m = 8 + 2, -4*m - 4 = 0. List the prime factors of q.
2, 3
Let w be (0 + 1)*210/(-7). List the prime factors of (4/(-6))/(2/w).
2, 5
Suppose 5*u - 269 = 146. Suppose -5*w - a = -u, 77 = 3*w + 4*a + 17. What are the prime factors of w?
2
Let q(w) = w**2 + 7*w - 12. Let o = -15 + 6. List the prime factors of q(o).
2, 3
Suppose -4*y + 165 = 9. Suppose 2*g - 4*g - y = f, f = g + 24. Let d = g + 35. List the prime factors of d.
2, 7
Suppose 4*m + 5 = 5*i, 0*i - 3*i + 2*m = -5. Let n(x) = x + 8. List the prime factors of n(i).
13
Let l(v) = v**3 - 10*v**2 + 10*v - 2. Let p be l(9). Suppose -5*o = -2*h + 24, -2*h + p*h = 2*o + 18. What are the prime factors of h?
2
Let z(x) = -x**2 - 8*x + 11. Let h be z(-8). Suppose 4*p = -2*l + 24, h = -3*p - 1. What are the prime factors of l?
2, 5
Let w = -12 - -30. Suppose b = -5, q + q + 4*b + w = 0. Suppose -3 + q = -x - 5*z, -4*x + 56 = -4*z. List the prime factors of x.
2, 3
Let z be (-3 - -3)/(1/1). Suppose -2*x + 5*x - 18 = -3*u, 3*x - 4*u - 46 = z. List the prime factors of x.
2, 5
Let q(a) = -2*a**2 - 8*a - 6. Let c(i) = -i**2 - 4*i - 3. Let x(u) = -13*c(u) + 6*q(u). Let j be x(4). Suppose -5*g = -j + 5. List the prime factors of g.
2, 3
Suppose 4*t - m - 7 = -0*m, 0 = 2*t + 4*m - 8. Let d be (-3)/((5 - t)/(-15)). Suppose 5*s = -3*c - 16, -3*s - 6 = -2*c + d. What are the prime factors of c?
3
Suppose 3*d = 2*d + 15. List the prime factors of d.
3, 5
List the prime factors of (-40)/((-4 + 0)/2).
2, 5
Let u = 4 + -7. Let x = u + 16. What are the prime factors of x?
13
Suppose -4*g + 3*g = -3*c - 121, 315 = 3*g + 3*c. What are the prime factors of g?
109
Suppose -108 = -4*f - 4. Let p = 39 - f. What are the prime factors of p?
13
Let u(a) be the second derivative of a**4/12 - 4*a**3/3 + 13*a**2/2 - 2*a. List the prime factors of u(7).
2, 3
Suppose -4*y + 6*y + 44 = 0. Let x = -15 - 22. Let a = y - x. What are the prime factors of a?
3, 5
Suppose -7*s = -538 - 295. What are the prime factors of s?
7, 17
Let z = -4 + 33. What are the prime factors of z?
29
List the prime factors of (2 + -3)*-17*1.
17
Suppose 3*g + 219 + 608 = r, 0 = -4*r + 20. List the prime factors of 4/(-18) + g/(-18).
3, 5
Suppose 0 = 5*d + 3*m - 38, 3*d - 31 = -2*m - 9. Let k be 2 + (2/(-2) - -3). Suppose x = -3*z + 28 + k, -z - x + d = 0. List the prime factors of z.
11
Let z(j) = -j**2 + 9*j. Let x be z(8). Suppose 2*v - x = -2. Suppose v*s = 4*s - 2. What are the prime factors of s?
2
Let u = 131 + -183. Let s(j) = -3*j**2 - 3*j. Let n be s(-2). List the prime factors of u/(-9) + n/(-27).
2, 3
Suppose 5 = z + 4*a, 5*z - z - 20 = a. What are the prime factors of z?
5
Let u(c) = c**2 + 13*c + 14. Let i be u(-12). Suppose -i*d = 2 - 14. What are the prime factors of d?
2, 3
Let n(g) = -g**3 - 23*g**2 - g + 6. List the prime factors of n(-23).
29
Suppose 0 = 4*y - 0*y - 3*n - 143, -n + 193 = 5*y. What are the prime factors of y?
2, 19
Suppose -m + 4 = m. Suppose 0 = 5*j + x, -m*x + 3*x = j - 6. Let i = j - -5. What are the prime factors of i?
2, 3
List the prime factors of (11 - 11) + 1 + 52.
53
Suppose 4*n + 1 - 9 = 0. Let u be -2 + -1 + -2 + n. What are the prime factors of u/6*-2 - -10?
11
Suppose 3*s = -5*c + 24, -3*c = -5*c + 3*s - 3. What are the prime factors of c + (3 - (1 - -2))?
3
Suppose -1242 = -3*k - 0*k. What are the prime factors of k?
2, 3, 23
Let s(n) = -6*n - 10. Suppose 0 = -5*v + 7 - 32. List the prime factors of s(v).
2, 5
Let j(f) = -2*f + 5. Let i(d) = -3*d + 6. Let k(p) = -3*i(p) + 4*j(p). Suppose 3*w - 19 = -y, -9 - 19 = -w + 4*y. What are the prime factors of k(w)?
2, 5
Let r(m) = -m + 20. What are the prime factors of r(-15)?
5, 7
Let l = -34 - -3. Let j = 4 - l. What are the prime factors of j?
5, 7
Let h(z) = -z**3 + 7*z**2 - 3. List the prime factors of h(6).
3, 11
Let g = 3 + -1. Suppose 5*y - 15 = g*y. Suppose -5*k = -2*a + 9 - 2, y*a - 2*k = 28. What